1344683 a prime number?
False
Is 458281207 a composite number?
False
Is 40511989 a composite number?
True
Is 14182739 prime?
True
Is 8511578 a composite number?
True
Is 4240181 a prime number?
False
Is 4470307 a composite number?
True
Is 60248509 composite?
False
Is 13984111 prime?
True
Is 366913 a prime number?
False
Is 34246757 a composite number?
False
Is 5811933 a prime number?
False
Is 196619635 composite?
True
Is 72793771 composite?
False
Is 57630503 a composite number?
True
Is 4613423 a composite number?
False
Is 9284123 prime?
False
Is 4346159 a prime number?
False
Is 9240941 a composite number?
True
Is 1076388781 composite?
True
Is 4827359 prime?
True
Is 21102317 a composite number?
True
Is 118684927 a composite number?
False
Is 3356887 composite?
False
Is 1483985 prime?
False
Is 48642187 a prime number?
False
Is 68638057 composite?
False
Is 2507117 a prime number?
False
Is 7128757 a composite number?
True
Is 76455121 composite?
False
Is 1639849 a prime number?
True
Is 595052483 prime?
True
Is 509897 composite?
True
Is 105423779 a composite number?
False
Is 19071827 prime?
True
Is 128865565 a composite number?
True
Is 266373313 a prime number?
True
Is 89239571 a prime number?
True
Is 673423 prime?
False
Is 35927789 a composite number?
False
Is 15981873 composite?
True
Is 302084593 prime?
True
Is 17851283 composite?
False
Is 3991747 a composite number?
False
Is 2379017 a prime number?
False
Is 4192339 a prime number?
True
Is 3483197 a composite number?
True
Is 5047951 a composite number?
False
Is 283745249 a prime number?
False
Is 3113963 a composite number?
False
Is 878528089 composite?
True
Is 66215329 prime?
True
Is 7230689 a prime number?
False
Is 37579147 prime?
True
Is 31737631 a prime number?
False
Is 2614543 composite?
True
Is 28226803 prime?
False
Is 297175811 a prime number?
True
Is 309797 a prime number?
True
Is 538157251 prime?
True
Is 12016931 prime?
True
Is 2513521 prime?
False
Is 8385863 a prime number?
True
Is 111332869 composite?
True
Is 12701317 a prime number?
True
Is 58798169 a prime number?
True
Is 8909807 prime?
True
Is 4221823 composite?
True
Is 17553181 a prime number?
True
Is 7104871 prime?
False
Is 116684563 composite?
False
Is 239037059 prime?
True
Is 37803919 a composite number?
True
Is 181111127 a composite number?
False
Is 3557903 composite?
False
Is 160237585 prime?
False
Is 290690749 a composite number?
False
Is 110548205 composite?
True
Is 2900533 composite?
False
Is 46163659 a composite number?
False
Is 277553937 a composite number?
True
Is 24018019 a composite number?
False
Is 48486595 a prime number?
False
Is 6961057 a prime number?
False
Is 6309043 composite?
True
Is 8836013 a composite number?
False
Is 910757 a composite number?
True
Is 197160449 a prime number?
True
Is 1138363 a prime number?
True
Is 5448713 a prime number?
True
Is 1708277 prime?
False
Is 4431989 a prime number?
True
Is 51095806 a composite number?
True
Is 9732257 composite?
True
Is 21725543 composite?
True
Is 76387877 composite?
False
Is 499957 a composite number?
False
Is 5801797 composite?
False
Is 2853269 a composite number?
False
Is 10142833 a prime number?
False
Is 61394773 a composite number?
True
Is 230083 composite?
True
Is 12555311 composite?
False
Is 308725577 a composite number?
False
Is 43073591 a composite number?
True
Is 4741571 a composite number?
True
Is 6887339 composite?
False
Is 458457 a prime number?
False
Is 58740557 composite?
True
Is 65014043 prime?
True
Is 268316663 a composite number?
False
Is 4658023 prime?
False
Is 43108883 composite?
True
Is 100116307 a composite number?
True
Is 75371781 a prime number?
False
Is 717127 composite?
False
Is 1640539 a composite number?
False
Is 52303079 a prime number?
False
Is 37668797 a composite number?
False
Is 7033451 prime?
True
Is 320441729 a composite number?
False
Is 2122583 composite?
True
Is 16089761 a composite number?
False
Is 961757 a prime number?
True
Is 132718109 a composite number?
True
Is 3634349 prime?
False
Is 7990057 a prime number?
True
Is 2036569 a composite number?
False
Is 7713635 a prime number?
False
Is 14346737 composite?
False
Is 35015041 a composite number?
True
Is 144511007 composite?
False
Is 17328841 a prime number?
True
Is 3289141 prime?
True
Is 50207869 composite?
False
Is 1551785 composite?
True
Is 8290967 prime?
True
Is 3877399 composite?
True
Is 1526755 a prime number?
False
Is 6713039 a prime number?
True
Is 13599409 prime?
True
Is 29837939 a composite number?
False
Is 2189477 composite?
False
Is 1418587 a composite number?
True
Is 77800039 a composite number?
False
Is 112053671 prime?
True
Is 239249 composite?
True
Is 12957109 a prime number?
False
Is 20491223 prime?
True
Is 9921053 composite?
False
Is 10659179 a composite number?
False
Is 1214319 a prime number?
False
Is 269043 prime?
False
Is 2498019 a prime number?
False
Is 75203609 composite?
True
Is 27559837 prime?
False
Is 789077 prime?
True
Is 73728857 prime?
True
Is 37181373 composite?
True
Is 200743 composite?
True
Is 974341 a prime number?
False
Is 49279003 a composite number?
True
Is 230334791 a composite number?
True
Is 256539 composite?
True
Is 9427181 a prime number?
True
Is 41313397 composite?
False
Is 121957613 a composite number?
True
Is 11687077 prime?
True
Is 8742134 composite?
True
Is 7510389 composite?
True
Is 127977821 a prime number?
False
Is 576818803 composite?
True
Is 79859291 composite?
False
Is 344567 a prime number?
True
Is 158759197 a prime number?
True
Is 1721333 composite?
True
Is 97328029 composite?
False
Is 52844223 prime?
False
Is 16962791 composite?
True
Is 12448417 a composite number?
False
Is 11535067 composite?
False
Is 39015163 composite?
True
Is 5137651 prime?
True
Is 46689473 a prime number?
False
Is 8952981 prime?
False
Is 152450971 a prime number?
True
Is 57274339 prime?
True
Is 739527 a prime number?
False
Is 1949619499 a composite number?
False
Is 385109557 composite?
True
Is 32113671 a composite number?
True
Is 57934199 composite?
True
Is 5454877 composite?
False
Is 14454629 a prime number?
False
Is 266484811 a composite number?
True
Is 11100341 prime?
False
Is 25371877 a prime number?
False
Is 434332313 composite?
True
Is 3390518 composite?
True
Is 6074617 a composite number?
False
Is 42850799 a prime number?
False
Is 4530769 composite?
True
Is 998961 a composite number?
True
Is 71158911 composite?
True
Is 133974129 a prime number?
False
Is 7746511 a prime number?
True
Is 6292399 a prime number?
False
Is 30698507 a prime number?
False
Is 44507293 a composite number?
False
Is 171471953 a composite number?
False
Is 1961317 a composite number?
True
Is 38925011 composite?
False
Is 296980459 a composite number?
False
Is 500723953 prime?
True
Is 162100819 prime?
True
Is 27646331 prime?
True
Is 65164639 a composite number?
False
Is 1495364969 a composite number?
True
Is 334776443 prime?
False
Is 67600199 a composite number?
True
Is 1485461 composite?
False
Is 580717 composite?
False
Is 1279357 prime?
True
Is 19961471 composite?
False
Is 884749 composite?
True
Is 366449 composite?
True
Is 3015953 composite?
True
Is 117191147 a prime number?
False
Is 83391569 a prime number?
True
Is 18520571 prime?
False
Is 481903 prime?
False
Is 6436699 prime?
True
Is 32645749 a composite number?
False
Is 6237877 composite?
False
Is 26852407 prime?
True
Is 508699 composite?
True
Is 3448619 a prime number?
False
Is 13725473 a composite number?
False
Is 2055121 composite?
False
Is 44992349 composite?
False
Is 61476617 a prime number?
True
Is 6772723 a prime number?
True
Is 166029203 a composite number?
True
Is 26770963 a prime number?
True
Is 23872591 prime?
True
Is 700361 a composite number?
False
Is 3226627 prime?
False
Is 22801483 a composite number?
False
Is 31671859 prime?
True
Is 26803691 composite?
True
Is 6356377 composite?
False
Is 44945129 a prime number?
True
Is 66575471 a prime number?
False
Is 4671749 prime?
True
Is 1021532353 a composite number?
False
Is 20759717 composite?
True
Is 34270751 prime?
True
Is 21250331 a prime number?
True
Is 889241 a prime number?
False
Is 128473181 a prime number?
True
Is 36975299 a prime number?
True
Is 12620729 prime?
False
Is 258641903 composite?
True
Is 29431799 composite?
False
Is 48899629 composite?
True
I